ns digit of 692890156?
6
What is the millions digit of 74995157?
4
What is the hundred thousands digit of 990400856?
4
What is the tens digit of 13303875?
7
What is the hundred thousands digit of 77633006?
6
What is the ten millions digit of 102438449?
0
What is the ten millions digit of 19624337?
1
What is the ten millions digit of 199638304?
9
What is the millions digit of 3013448?
3
What is the hundred thousands digit of 88512248?
5
What is the tens digit of 514450592?
9
What is the hundreds digit of 991607449?
4
What is the thousands digit of 2159799319?
9
What is the billions digit of 1579389848?
1
What is the billions digit of 8647019183?
8
What is the hundred millions digit of 148740644?
1
What is the thousands digit of 67645397?
5
What is the hundreds digit of 1792722?
7
What is the hundred thousands digit of 6124787204?
7
What is the hundred millions digit of 412515697?
4
What is the ten thousands digit of 1039635785?
3
What is the ten thousands digit of 68456493?
5
What is the units digit of 877206539?
9
What is the millions digit of 422189299?
2
What is the thousands digit of 97487083?
7
What is the tens digit of 122081986?
8
What is the millions digit of 275737775?
5
What is the tens digit of 40167209?
0
What is the hundred millions digit of 607745559?
6
What is the millions digit of 480704561?
0
What is the units digit of 161324500?
0
What is the tens digit of 209904319?
1
What is the ten millions digit of 22849708?
2
What is the units digit of 17740422?
2
What is the millions digit of 3432318736?
2
What is the thousands digit of 864556550?
6
What is the tens digit of 895546545?
4
What is the ten thousands digit of 714420453?
2
What is the hundreds digit of 399651423?
4
What is the hundred thousands digit of 25639637?
6
What is the ten millions digit of 3839184043?
3
What is the tens digit of 188814419?
1
What is the hundreds digit of 4408736713?
7
What is the tens digit of 33445553?
5
What is the hundreds digit of 2067034007?
0
What is the thousands digit of 10591732?
1
What is the hundred thousands digit of 31017285?
0
What is the ten thousands digit of 15304288?
0
What is the thousands digit of 14160383?
0
What is the hundreds digit of 49581541?
5
What is the hundred millions digit of 139268826?
1
What is the hundred millions digit of 1599877317?
5
What is the thousands digit of 60511282?
1
What is the hundred thousands digit of 35095880?
0
What is the ten millions digit of 111972901?
1
What is the hundred millions digit of 341988033?
3
What is the units digit of 143304110?
0
What is the hundred thousands digit of 128939475?
9
What is the hundreds digit of 34720205?
2
What is the hundreds digit of 60340776?
7
What is the hundred millions digit of 160822723?
1
What is the millions digit of 449202550?
9
What is the hundred thousands digit of 1347019818?
0
What is the ten thousands digit of 340271499?
7
What is the units digit of 21753052?
2
What is the tens digit of 642263395?
9
What is the tens digit of 90576698?
9
What is the units digit of 4878505?
5
What is the millions digit of 95418588?
5
What is the ten millions digit of 231913365?
3
What is the units digit of 312159230?
0
What is the units digit of 2272745702?
2
What is the thousands digit of 987745181?
5
What is the ten millions digit of 103393507?
0
What is the units digit of 4512570630?
0
What is the hundred thousands digit of 1200886345?
8
What is the billions digit of 2244728626?
2
What is the ten millions digit of 545149417?
4
What is the ten thousands digit of 1225719214?
1
What is the units digit of 341736802?
2
What is the thousands digit of 530703338?
3
What is the units digit of 2571626?
6
What is the ten thousands digit of 657240927?
4
What is the millions digit of 2293382904?
3
What is the millions digit of 5424058709?
4
What is the thousands digit of 27049049?
9
What is the ten millions digit of 391514763?
9
What is the millions digit of 497299209?
7
What is the thousands digit of 6041183057?
3
What is the tens digit of 5591058211?
1
What is the tens digit of 51165965?
6
What is the tens digit of 11765846?
4
What is the tens digit of 1886848?
4
What is the tens digit of 767217132?
3
What is the units digit of 54771910?
0
What is the thousands digit of 987303117?
3
What is the hundreds digit of 44197186?
1
What is the units digit of 3337148191?
1
What is the hundred millions digit of 135333423?
1
What is the hundreds digit of 361193917?
9
What is the thousands digit of 45993474?
3
What is the millions digit of 1192763010?
2
What is the ten millions digit of 31202354?
3
What is the hundreds digit of 523297563?
5
What is the thousands digit of 71687652?
7
What is the ten thousands digit of 1921078500?
7
What is the units digit of 679619?
9
What is the tens digit of 702350273?
7
What is the millions digit of 179488573?
9
What is the ten millions digit of 122922508?
2
What is the tens digit of 2378334921?
2
What is the thousands digit of 13500032?
0
What is the hundred millions digit of 3372418647?
3
What is the hundreds digit of 62333853?
8
What is the hundred thousands digit of 509724011?
7
What is the hundred millions digit of 982368253?
9
What is the ten millions digit of 694046862?
9
What is the thousands digit of 305706341?
6
What is the tens digit of 2291166880?
8
What is the hundred millions digit of 207046862?
2
What is the hundred millions digit of 289856074?
2
What is the tens digit of 6038878921?
2
What is the ten thousands digit of 59961047?
6
What is the ten millions digit of 52581767?
5
What is the ten thousands digit of 1223096?
2
What is the ten thousands digit of 17895541?
9
What is the hundred thousands digit of 1950480420?
4
What is the hundreds digit of 1140126732?
7
What is the units digit of 298968117?
7
What is the hundred thousands digit of 58501912?
5
What is the millions digit of 61979074?
1
What is the tens digit of 57079158?
5
What is the hundreds digit of 38647320?
3
What is the thousands digit of 77919642?
9
What is the units digit of 436254690?
0
What is the millions digit of 293838822?
3
What is the hundred thousands digit of 83088566?
0
What is the hundred millions digit of 4784061791?
7
What is the millions digit of 367710290?
7
What is the units digit of 23563675?
5
What is the hundreds digit of 6669323818?
8
What is the ten millions digit of 5633777990?
3
What is the millions digit of 809661545?
9
What is the hundred millions digit of 5883455783?
8
What is the ten millions digit of 877010739?
7
What is the units digit of 34828497?
7
What is the units digit of 119193163?
3
What is the tens digit of 59786949?
4
What is the tens digit of 50656003?
0
What is the ten thousands digit of 137674736?
7
What is the tens digit of 101787435?
3
What is the units digit of 575898904?
4
What is the millions digit of 2529142210?
9
What is the thousands digit of 55835011?
5
What is the hundred millions digit of 207514539?
2
What is the millions digit of 85462140?
5
What is the millions digit of 715413017?
5
What is the millions digit of 718235709?
8
What is the millions digit of 26594422?
6
What is the units digit of 404888232?
2
What is the millions digit of 393059652?
3
What is the ten millions digit of 34221221?
3
What is the hundreds digit of 144993634?
6
What is the ten thousands digit of 2110412091?
1
What is the hundred millions digit of 204470600?
2
What is the hundred millions digit of 343563570?
3
What is the hundred thousands digit of 805821001?
8
What is the tens digit of 5217748346?
4
What is the hundred thousands digit of 40083915?
0
What is the hundreds digit of 1106013282?
2
What is the tens digit of 49219366?
6
What is the tens digit of 47876043?
4
What is the ten thousands digit of 426630681?
3
What is the hundred millions digit of 188118251?
1
What is the millions digit of 2576030249?
6
What is the tens digit of 80635536?
3
What is the ten thousands digit of 1984614491?
1
What is the tens digit of 26422419?
1
What is the units digit of 570866890?
0
What is the tens digit of 111286473?
7
What is the hundreds digit of 270100077?
0
What is the millions digit of 6574372?
6
What is the ten millions digit of 43721049?
4
What is the hundred millions digit of 150754319?
1
What is the thousands digit of 78465087?
5
What is the te